20, -2*c = 4*k - 10. What are the prime factors of c?
5
Let v be -2*30*(-10)/(-25). Let b = -16 - v. List the prime factors of b.
2
Let r(u) = 29*u**3 + 4*u**2 - 63*u + 232. List the prime factors of r(4).
2, 5, 19
Let f(v) = -6*v + 0*v + 10*v - 8. Suppose y = -4*p - 4, 4*y - 6 = 3*y + p. What are the prime factors of f(y)?
2
Let a be 6/((75/10)/5). Suppose g - 3*p = p + 80, -2*g + 180 = -a*p. List the prime factors of g.
2, 5
Let r(q) = -q**3 - q**2 + 9*q - 6. Let p be r(2). Suppose -4*x - 98 = -h + 119, p = 5*h + 3*x - 1108. What are the prime factors of h?
13, 17
Let c(d) = -d**2 - 11*d - 16. Suppose 6*r + s = 3*r - 19, 0 = 2*s + 8. List the prime factors of c(r).
2, 7
Suppose -68 = -2*v - 4*i, -5*v + 5*i = 10*i - 195. Let n(q) = -3*q**3 + 4*q**2 + 4*q + 1. Let t be n(-3). Let f = t - v. What are the prime factors of f?
2, 31
Let d(z) = -37*z - 36. Let l be d(-9). Let i = l + -184. List the prime factors of i.
113
Let w(n) = -n**2 + 41 + 0*n**2 - 42. Let u(r) = 2*r**2 + 2*r - 3. Let b(c) = u(c) - 5*w(c). What are the prime factors of b(-1)?
7
Let n = 37 + -32. Suppose 0 = 8*l - n*l - 246. List the prime factors of l.
2, 41
Suppose -h + 3 = -5*n + 7, -h - 4 = 0. Suppose -f + 4*l - 112 = 3*f, -4*f - 2*l - 112 = n. Let u = 10 - f. List the prime factors of u.
2, 19
Suppose w + 3*c - 509 = 25, 2*c = -3*w + 1602. List the prime factors of w.
2, 3, 89
Suppose 4*h - 8 = -j, 3*h + 0*h = -2*j + 6. Suppose j = -20*x + 25*x - 85. What are the prime factors of x?
17
Suppose -2*j + 4*r + 7291 = 873, -12812 = -4*j - 4*r. What are the prime factors of j?
5, 641
Let u = -2971 - -5041. List the prime factors of u.
2, 3, 5, 23
Let c = 94 - 55. Let r = 0 + 2. Suppose -c = r*o - 103. List the prime factors of o.
2
Suppose 0 = -3*r - 5*h + 2159 - 28, 5*r - 3581 = -h. List the prime factors of r.
3, 239
Let b = -20 - -28. Suppose 6*v + 78 = b*v - 4*g, 4*g = 4*v - 176. What are the prime factors of v?
7
List the prime factors of 4975/3 + 12 + (-600)/45.
1657
Suppose -k - 2 = 5*n + k, 1 = -3*n - k. Suppose 2*z - 6 = 0, 0 = 2*h + 5*z - 9 - 4. List the prime factors of (n - h)/(1/49).
7
Let m be (-20)/(-8)*(-24)/20. List the prime factors of m/(-15) + ((-3027)/(-15) - -2).
2, 3, 17
Let u = 17684 + -12155. What are the prime factors of u?
3, 19, 97
Let c = -340 + 516. What are the prime factors of c?
2, 11
Let y be 5 + -4 - 0 - -3. Suppose 0 = y*s - 4*i - 260, -s + 5*i = -2*s + 71. What are the prime factors of s?
2, 3, 11
Suppose 3*c + 5*u - 1787 = 0, -c - 28 + 617 = 3*u. What are the prime factors of c?
2, 151
Let n(v) = -12*v - 19. Suppose 8*h + 72 = -0*h. List the prime factors of n(h).
89
Let a(f) = -f**3 - 6*f**2 - 2*f + 6. Let y(q) = q - 17. Let z be y(10). What are the prime factors of a(z)?
3, 23
Suppose -5*c - 5*d + 30 = 0, 0*c = c - 5*d. Suppose c*g - 888 = g. What are the prime factors of g?
2, 3, 37
Suppose -7*i + 325 = 80. What are the prime factors of i?
5, 7
Let i = -58 - -964. List the prime factors of i.
2, 3, 151
Suppose -2*q + 3 = 1. Suppose v - u = 6*v - 35, -v + q = -u. Suppose v*d - 10*d = -64. What are the prime factors of d?
2
Let x = 775 - -46. List the prime factors of x.
821
Let f(c) = c - 10. Let v be f(4). What are the prime factors of 137 + v/3 + (-4 - -6)?
137
Let a(g) = g**3 + 11*g**2 - 3*g + 16. Let s(m) = -10*m**2 + 2*m + 1. Let i be s(-1). What are the prime factors of a(i)?
7
Let k(v) = 2*v**2 + 3*v - 8. Suppose u + 2*u = 5*y + 32, 3*y + 4*u = 4. List the prime factors of k(y).
2, 3
What are the prime factors of (420/(-112))/(3/(-452))?
5, 113
Let s = -321 + 217. Let o = -69 - s. List the prime factors of o.
5, 7
Suppose 0 = 2*h - 2*g - 8, -2*g = h - 0*g - 7. Suppose -5*u + 10*u + 5 = h*c, 2*c + 7 = 5*u. What are the prime factors of 36*(14/c + -3)?
2, 3
Suppose -4*j + 3 = m - 2, 0 = 2*j + 3*m - 15. Suppose -h = -j*h. What are the prime factors of 2 + h + 19 - 1?
2, 5
Let y(u) = -5*u - 7. Let q(r) be the third derivative of r**5/60 - r**4/4 + r**3/2 + 3*r**2. Let i be q(2). What are the prime factors of y(i)?
2, 3
List the prime factors of (-1 + 0)/(-5) + (-5142)/(-15).
7
Suppose 0 = 3*s - 46 - 11. List the prime factors of s.
19
What are the prime factors of (-2)/(-12) + -3 + (-22001)/(-42)?
521
Let s(f) = 145*f - 31. What are the prime factors of s(8)?
1129
Let m = -1230 - -2080. What are the prime factors of m?
2, 5, 17
Let y(m) = 3*m - 2. Let o be y(2). Suppose -h + 3*d - 7 = o, 0 = 2*d - 6. List the prime factors of 25 + 1 + 0 + h.
2, 3
Let h(b) be the third derivative of -13*b**4/6 + b**3/2 + 20*b**2. What are the prime factors of h(-2)?
107
Let s = -50 + 106. Let q(z) = 56 - z**3 - 113 - 5*z**2 + s + 5*z. List the prime factors of q(-6).
5
Let r be (-1)/(-2*(-4)/(-24)). Suppose -w = v - 5*w - 1, -w - r = 0. Let c = 16 + v. What are the prime factors of c?
5
Suppose -5725 = -5*w - 3*f, -3*w + 489 = -2*f - 2927. List the prime factors of w.
2, 571
Let g(w) = 12*w**2 - 2*w - 2. Let r be g(-1). Suppose -1446 - 438 = -r*z. What are the prime factors of z?
157
Let i = -23 + 27. Let z(g) = -i*g**2 + 2*g**2 + 2*g + 6*g + 10*g**2 + 3 + g**3. What are the prime factors of z(-5)?
2, 19
Let o(d) = -d**2 - d + 1. Let w(a) = -5*a**2 - a + 3. Let f(l) = -2*o(l) + w(l). Let v be f(-1). List the prime factors of 5 - (3/v + 2).
2
Let v(u) = -3*u**3 - 5*u**2 + 5*u + 7. Let x be v(-5). Suppose 3*q + 0*w + 4*w - 348 = 0, 5*w + x = 2*q. What are the prime factors of q?
2, 29
Let m = -1039 + 2039. What are the prime factors of m?
2, 5
What are the prime factors of -4 + 25/5 - (-3 + -600)?
2, 151
Let j = -7 - -1. Let v = -1 - j. Suppose -h + 31 = 3*m, v*m = -3*h + 6*m + 83. What are the prime factors of h?
2, 7
Suppose -2*k = 5*y + 17, 5*k + 110 = -0*y + y. Let o be ((-12)/(-10))/((-3)/10). What are the prime factors of 1/((12/k)/o)?
7
List the prime factors of 376068/140 + 9/5.
2, 3, 7
Let n(v) = v**3 - 6*v**2 - 9*v - 30. List the prime factors of n(11).
2, 7, 17
Let y = 7 - 16. Let b = y - -12. Suppose -2*u + 105 = b*u. List the prime factors of u.
3, 7
What are the prime factors of ((-126)/5)/(7/(-210)*6)?
2, 3, 7
Suppose -6*f + 7*f - 4*c = 1657, 5*f - 8306 = -c. List the prime factors of f.
11, 151
Suppose -273*q = -281*q + 344. List the prime factors of q.
43
Let p = 1 - -1. Suppose 0 = -p*d - 2*d - 280. List the prime factors of (1*d)/((-40)/20).
5, 7
Let c be 5*4*(-1)/(-2). Let k = 112 - 106. Let z = k + c. What are the prime factors of z?
2
Let v = -6 + 18. Suppose -5*b - v = -37. Suppose 3*s = -y + 49, 3 + 14 = y - b*s. What are the prime factors of y?
37
Suppose -3*j + 4*c - 16 = 0, c + 2 = -5*j + 6. Suppose j = 3*h - 9, d + 4*d - 2*h = -6. Suppose d = -8*a + 13*a - 345. What are the prime factors of a?
3, 23
Let l be 10*(-58)/8*2. Let u = 679 - 465. Let x = l + u. List the prime factors of x.
3, 23
Let z = 751 + 2610. List the prime factors of z.
3361
Let t be 2 - ((-6)/2)/1. Suppose -t*z - 306 = -856. Suppose z = -4*k + 9*k. What are the prime factors of k?
2, 11
Let l = 483 + 182. Suppose 0 = 4*g + 3*g - l. What are the prime factors of g?
5, 19
Suppose 14*d + 61 = -51. Let p(h) = -29*h - 32. What are the prime factors of p(d)?
2, 5
List the prime factors of 1735/(-10)*(-2)/1.
347
Suppose -3*o + 4*k - 3224 = -7*o, 0 = -o - 3*k + 804. List the prime factors of o.
3, 269
Let s(l) = 42*l + 118. What are the prime factors of s(20)?
2, 479
Let d(q) = 345*q + 19. List the prime factors of d(12).
4159
Let w = -1 - -3. Suppose -4*b + 366 = w*b. List the prime factors of b.
61
What are the prime factors of (53 - 52) + 1*441?
2, 13, 17
Let b(m) = 59*m**2 + 10*m + 21. Suppose -v - 10 = -4*h, -2*v - h = 3*v + 8. List the prime factors of b(v).
3, 79
Let f(d) be the second derivative of 29*d**7/1260 - d**6/720 + 13*d**4/12 - 13*d. Let h(c) be the third derivative of f(c). List the prime factors of h(-1).
59
List the prime factors of (904/28)/(-6*(-5)/105).
113
Let j(o) = 25*o**2 + 39*o + 185. List the prime factors of j(-5).
3, 5, 41
Suppose 0 = -3*r + 5*d + 618, 3*d = -0*r + 5*r - 1046. What are the prime factors of r?
211
Suppose 0 = -4*i + 3*i + 2*m - 9, 2*i + 23 = 5*m. What are the prime factors of 16/(-8) - (-19 + i)?
2
Let s(f) = -f**2 - 14*f + 3. Let t be s(-14). Suppose 0 = -2*v - t*q + 64, 4*v + q = -0*q + 138. List the prime factors